ided by 41?
39
What is the remainder when 276 is divided by 68?
4
Calculate the remainder when 1196 is divided by 582.
32
What is the remainder when 90 is divided by 13?
12
What is the remainder when 1870 is divided by 16?
14
What is the remainder when 8499 is divided by 34?
33
What is the remainder when 199 is divided by 29?
25
What is the remainder when 484 is divided by 61?
57
Calculate the remainder when 4363 is divided by 15.
13
Calculate the remainder when 10178 is divided by 20.
18
What is the remainder when 777 is divided by 46?
41
What is the remainder when 184 is divided by 21?
16
Calculate the remainder when 32 is divided by 21.
11
What is the remainder when 2429 is divided by 143?
141
Calculate the remainder when 3019 is divided by 21.
16
Calculate the remainder when 645 is divided by 24.
21
Calculate the remainder when 47 is divided by 18.
11
What is the remainder when 511 is divided by 127?
3
Calculate the remainder when 600 is divided by 30.
0
What is the remainder when 744 is divided by 11?
7
Calculate the remainder when 9047 is divided by 104.
103
Calculate the remainder when 115 is divided by 79.
36
What is the remainder when 185 is divided by 27?
23
What is the remainder when 572 is divided by 3?
2
Calculate the remainder when 140 is divided by 137.
3
What is the remainder when 14212 is divided by 103?
101
Calculate the remainder when 7031 is divided by 13.
11
Calculate the remainder when 116 is divided by 9.
8
Calculate the remainder when 224 is divided by 46.
40
What is the remainder when 3198 is divided by 25?
23
What is the remainder when 644 is divided by 105?
14
Calculate the remainder when 866 is divided by 79.
76
Calculate the remainder when 334 is divided by 57.
49
Calculate the remainder when 14472 is divided by 31.
26
What is the remainder when 620 is divided by 213?
194
Calculate the remainder when 1223 is divided by 35.
33
Calculate the remainder when 166 is divided by 45.
31
Calculate the remainder when 568 is divided by 15.
13
What is the remainder when 1559 is divided by 52?
51
What is the remainder when 237 is divided by 60?
57
Calculate the remainder when 4158 is divided by 26.
24
Calculate the remainder when 2626 is divided by 36.
34
What is the remainder when 384 is divided by 77?
76
Calculate the remainder when 197 is divided by 34.
27
What is the remainder when 335 is divided by 90?
65
What is the remainder when 2199 is divided by 58?
53
Calculate the remainder when 396 is divided by 80.
76
Calculate the remainder when 6319 is divided by 29.
26
Calculate the remainder when 419 is divided by 7.
6
What is the remainder when 1165 is divided by 576?
13
Calculate the remainder when 686 is divided by 16.
14
What is the remainder when 6646 is divided by 1324?
26
What is the remainder when 73 is divided by 37?
36
What is the remainder when 262 is divided by 12?
10
Calculate the remainder when 2729 is divided by 907.
8
What is the remainder when 317 is divided by 29?
27
Calculate the remainder when 353 is divided by 51.
47
Calculate the remainder when 616 is divided by 20.
16
What is the remainder when 103 is divided by 58?
45
What is the remainder when 68 is divided by 21?
5
What is the remainder when 421 is divided by 136?
13
Calculate the remainder when 403 is divided by 102.
97
What is the remainder when 1733 is divided by 62?
59
What is the remainder when 150 is divided by 34?
14
What is the remainder when 1958 is divided by 13?
8
Calculate the remainder when 35867 is divided by 12.
11
Calculate the remainder when 136 is divided by 70.
66
What is the remainder when 597 is divided by 22?
3
What is the remainder when 47 is divided by 32?
15
Calculate the remainder when 46 is divided by 23.
0
Calculate the remainder when 144 is divided by 102.
42
What is the remainder when 176 is divided by 83?
10
Calculate the remainder when 145 is divided by 10.
5
Calculate the remainder when 2066 is divided by 159.
158
What is the remainder when 2346 is divided by 84?
78
What is the remainder when 1007 is divided by 16?
15
What is the remainder when 5883 is divided by 27?
24
Calculate the remainder when 537 is divided by 115.
77
What is the remainder when 3665 is divided by 26?
25
Calculate the remainder when 1407 is divided by 703.
1
Calculate the remainder when 370 is divided by 117.
19
Calculate the remainder when 136 is divided by 90.
46
What is the remainder when 322 is divided by 114?
94
What is the remainder when 2399 is divided by 797?
8
What is the remainder when 1484 is divided by 55?
54
Calculate the remainder when 28 is divided by 13.
2
Calculate the remainder when 1048 is divided by 44.
36
Calculate the remainder when 385 is divided by 1.
0
Calculate the remainder when 1260 is divided by 88.
28
What is the remainder when 122 is divided by 34?
20
Calculate the remainder when 45 is divided by 16.
13
Calculate the remainder when 565 is divided by 3.
1
What is the remainder when 1538 is divided by 384?
2
Calculate the remainder when 2019 is divided by 36.
3
What is the remainder when 81 is divided by 21?
18
What is the remainder when 302 is divided by 38?
36
Calculate the remainder when 279 is divided by 41.
33
Calculate the remainder when 280 is divided by 13.
7
What is the remainder when 80 is divided by 47?
33
What is the remainder when 676 is divided by 113?
111
What is the remainder when 2482 is divided by 22?
18
Calculate the remainder when 202 is divided by 41.
38
Calculate the remainder when 431 is divided by 27.
26
Calculate the remainder when 4696 is divided by 61.
60
What is the remainder when 9999 is divided by 5?
4
Calculate the remainder when 255 is divided by 78.
21
What is the remainder when 44 is divided by 10?
4
What is the remainder when 650 is divided by 31?
30
Calculate the remainder when 61304 is divided by 14.
12
Calculate the remainder when 15688 is divided by 30.
28
What is the remainder when 1870 is divided by 18?
16
What is the remainder when 526 is divided by 53?
49
Calculate the remainder when 246 is divided by 75.
21
Calculate the remainder when 3022 is divided by 101.
93
What is the remainder when 428 is divided by 139?
11
Calculate the remainder when 52 is divided by 11.
8
What is the remainder when 1373 is divided by 81?
77
Calculate the remainder when 58 is divided by 12.
10
Calculate the remainder when 937 is divided by 65.
27
What is the remainder when 16 is divided by 7?
2
Calculate the remainder when 282 is divided by 207.
75
Calculate the remainder when 201 is divided by 105.
96
Calculate the remainder when 208 is divided by 43.
36
What is the remainder when 19489 is divided by 10?
9
Calculate the remainder when 24460 is divided by 15.
10
Calculate the remainder when 478 is divided by 477.
1
What is the remainder when 564 is divided by 29?
13
What is the remainder when 120 is divided by 91?
29
What is the remainder when 1404 is divided by 252?
144
Calculate the remainder when 277 is divided by 72.
61
Calculate the remainder when 105 is divided by 54.
51
What is the remainder when 2792 is divided by 928?
8
Calculate the remainder when 73 is divided by 23.
4
What is the remainder when 107 is divided by 14?
9
Calculate the remainder when 506 is divided by 85.
81
What is the remainder when 123 is divided by 81?
42
Calculate the remainder when 7886 is divided by 11.
10
Calculate the remainder when 715 is divided by 35.
15
What is the remainder when 569 is divided by 182?
23
What is the remainder when 8305 is divided by 755?
0
What is the remainder when 673 is divided by 145?
93
What is the remainder when 21 is divided by 5?
1
Calculate the remainder when 79 is divided by 50.
29
What is the remainder when 24 is divided by 21?
3
Calculate the remainder when 2831 is divided by 13.
10
Calculate the remainder when 500 is divided by 79.
26
Calculate the remainder when 1020 is divided by 54.
48
Calculate the remainder when 91 is divided by 31.
29
Calculate the remainder when 668 is divided by 144.
92
What is the remainder when 127 is divided by 89?
38
Calculate the remainder when 814 is divided by 43.
40
What is the remainder when 459 is divided by 46?
45
What is the remainder when 105 is divided by 18?
15
Calculate the remainder when 2034 is divided by 674.
12
What is the remainder 